1). Suppose 4*f - 4*y + 98 = -82, 3*f + 2*y = -m. Let i = 70 + f. What are the prime factors of i?
2, 3, 5
Let n = 2 + 0. Let o be (68/8)/(n/4). Let z = o + 12. List the prime factors of z.
29
Let v(q) = q**3 - 6*q**2 - 5*q - 12. Let i be v(7). Suppose 213 = -11*d + 12*d + t, i*d = 3*t + 421. List the prime factors of d.
2, 53
Let k = 130 - -840. What are the prime factors of k?
2, 5, 97
Let f(i) = i - 1. Suppose -7*b - 108 = -3*b. Let c be (-8 - -3)*b/15. What are the prime factors of f(c)?
2
Suppose 47*k = 58*k - 33. Suppose 0*g + 418 = 5*i + 4*g, -4*g = 12. Suppose -3*n = -3*b - 0*b - 93, -4*b = k*n - i. List the prime factors of n.
2, 3, 5
Let a(m) be the second derivative of 4*m**3/3 + m**2 + 3*m. Let n be a(-1). Let t = n + 15. List the prime factors of t.
3
Suppose 5*v = -5*t + 6280, -11*t + v = -14*t + 3766. List the prime factors of t.
5, 251
Suppose -4*w + 2*w = 36. Let g = 40 + w. List the prime factors of g.
2, 11
Let x(o) = -2*o + 2. Let i be x(13). Let j be ((-3)/(-4))/(4/(-32)). What are the prime factors of (-4)/j - 272/i?
2, 3
Let h(x) = -8*x**2 - 3*x + 3. Let f be h(1). Let a(g) = 3*g**2 + 5. Let k(q) = q**2 - q - 1. Let v(w) = a(w) - 2*k(w). List the prime factors of v(f).
5, 11
Let v = 2 - -5. Let o be 199/4 - v/(-28). Let h = o + -16. List the prime factors of h.
2, 17
Let n(u) = -u**3 + 10*u**2 + 2. Let i be n(10). Let g be 0*-2*(-3)/(-12). Suppose -v + i + 5 = -5*p, g = -2*p. What are the prime factors of v?
7
Suppose 0 = -m + 3, -4*z - 1807 + 7113 = 2*m. List the prime factors of z.
5, 53
Suppose -65*g + 41958 = -38*g. What are the prime factors of g?
2, 3, 7, 37
Let c = 89 + 49. Let s = c + -87. List the prime factors of s.
3, 17
Let k(j) = -2. Let w(p) = -13*p - 4. Let b(t) = 4*k(t) - w(t). Suppose 2*s = 2 + 2. What are the prime factors of b(s)?
2, 11
Let o = -132 + 482. List the prime factors of o.
2, 5, 7
Let d(j) = -5*j + 2. Let b be d(-4). Suppose -3*a + b = 4. Suppose -3*g - 15 = -a*g + 5*z, g - 19 = -3*z. What are the prime factors of g?
2, 5
Suppose 3*u = -4*h + 9, 0 = 7*u - 2*u - 4*h - 47. List the prime factors of u.
7
Let v be (-6)/(-4) + (-9)/(-18). Let q = -24 + 27. Suppose -10 = -v*y - q*y. List the prime factors of y.
2
Let f = 438 + -436. Suppose -5*r + 43 = 3*w + 3, 2*w = 4*r - 10. Suppose -r*t - f*x = -185, 81 = t - 5*x + 17. What are the prime factors of t?
3, 13
Let j(k) = k**3 - k**2 - k. Let u be j(0). Suppose 5*z + 15 = 0, u = -s - 4*z + 3 + 2. Suppose -p + s = 3. List the prime factors of p.
2, 7
Suppose -5*m - 50 = -0*m. Let w(l) = l**3 + 6*l**2 - 4*l + 7. Let q be w(-6). Let z = m + q. What are the prime factors of z?
3, 7
List the prime factors of (-83)/((-2)/66*3).
11, 83
Let d(h) = -h**3 - 8*h**2 - 7*h + 7. Let y be d(-8). Suppose -3*u + y = -45. Let m = u - -1. What are the prime factors of m?
37
Let d(w) = -123*w - 7 + 51*w + 64*w. What are the prime factors of d(-25)?
193
Let h(q) = -q**2 + 4*q + 9. Let i be h(5). Suppose 5*l + i*b - 300 = l, 243 = 3*l - 3*b. List the prime factors of l.
2, 3, 13
Let w(z) = 4*z - 42. Let o be w(18). Let g = 21 + o. What are the prime factors of g?
3, 17
Let x = 252 - -5. List the prime factors of x.
257
Suppose b - 4 = 2*k + 15, 0 = -2*k - 5*b - 25. Let z be (-4)/k + (-952)/(-20). Suppose -g = -4*u - 2*g + 52, z = 5*u - 3*g. What are the prime factors of u?
2, 3
Let z = 14 - 8. List the prime factors of z/(-8) + 5031/52.
2, 3
Suppose 2*c = 19*c - 51. What are the prime factors of c?
3
Suppose 0 = -2*h - v - v + 88, -2*v + 41 = h. Let r = 66 - h. List the prime factors of r.
19
Let w = 1848 - -936. Suppose w = 9*c + 3*c. List the prime factors of c.
2, 29
Let l = 174 + 869. List the prime factors of l.
7, 149
Suppose -2*j = -0*j - 208. Let f = j - 82. List the prime factors of f.
2, 11
Suppose -o + 3 = -93. Suppose -p = -m - 2*p + 34, o = 3*m + p. List the prime factors of m.
31
Suppose 510 - 3385 = -5*u. Suppose 6*g - u = g. Suppose -10*k = -5*k - g. What are the prime factors of k?
23
Suppose 0 = -3*c - w + 10 - 32, 5*c = -2*w - 38. Let r be (c + 5)/(1/(-3)). Suppose r*g - 4*y = 78, 8 + 7 = 5*y. What are the prime factors of g?
2, 3, 5
Let b = 46 + -44. What are the prime factors of (-148)/(-8)*3*b?
3, 37
Suppose 351 = 3*z + 93. Suppose 0 = 3*p - z - 238. List the prime factors of p.
2, 3
Let b be (-1 - -1)/(-3 - -2). Suppose 4*y + b*y = -88. Let h = y - -49. List the prime factors of h.
3
Let n = -31 + 358. List the prime factors of n.
3, 109
Let p(m) = 172*m**3 + m**2 + 58*m - 59. List the prime factors of p(1).
2, 43
Suppose -19*z - 12630 = -24*z. List the prime factors of z.
2, 3, 421
Suppose -11*c = -8*c. Suppose -7*k + 18*k - 1606 = c. List the prime factors of k.
2, 73
Let x = 35 - 31. Suppose -82 = -3*c + 200. Suppose 0 = -x*k + c + 66. What are the prime factors of k?
2, 5
Suppose 34*v = p + 37*v - 4611, -4*p - 3*v + 18453 = 0. What are the prime factors of p?
2, 3, 769
Let y = 143 - -2524. What are the prime factors of y?
3, 7, 127
Suppose -2*m = 3*b - 3726, 5*m - 3346 - 5959 = -5*b. List the prime factors of m.
3, 619
Let l(h) = 12*h**2 + 3*h + 1. Let v be (-6)/4*(-4)/3. Let o be v*(3/3 - 2). List the prime factors of l(o).
43
Let q(x) be the second derivative of x**4/3 - x**3/3 - x**2 + x. Suppose -4*l - 50 = 21*l. What are the prime factors of q(l)?
2, 3
Suppose 3*n + 4*y = n + 224, 3*n = -2*y + 328. Suppose -6*c = -2*c - n. Suppose -5*l + 163 = 2*t, -c = -5*l + 3*t + 116. What are the prime factors of l?
31
Let r(u) = 73*u - 8. Let w be r(-3). Let y = -142 - w. What are the prime factors of y?
5, 17
Let o(b) be the second derivative of -23*b**3/2 + 7*b**2/2 + 20*b. What are the prime factors of o(-4)?
283
Let z(b) = 27*b**3 + b + 0*b**2 - 28*b**3 + 12 - 11*b**2. Let d be z(-11). Let c(j) = 42*j - 4. What are the prime factors of c(d)?
2, 19
Let n(u) = -30*u - 43. What are the prime factors of n(-10)?
257
Suppose -5*w = 2*z - 758, -9 = -2*w - 5. List the prime factors of z.
2, 11, 17
Suppose 10 = 5*i, c - 3 = -0*c + 5*i. List the prime factors of (-10)/((-41)/c + 3).
5, 13
Let q(z) = z**2 - 12*z + 9. Let c be q(12). Let y = c + -14. Let v = y - -20. What are the prime factors of v?
3, 5
Let d(s) = -s**2 + 8*s + 627. List the prime factors of d(0).
3, 11, 19
Let q(b) = 3*b - 16. Suppose 0 = h, -2*z - 4*h = -9*h - 14. Let s be q(z). What are the prime factors of (s/(-10))/((-3)/90)?
3, 5
List the prime factors of -2512*(-7 - 78/(-12)).
2, 157
Let d = 19 + -17. Suppose -4 - d = -3*z. What are the prime factors of z?
2
Suppose 9*p + 187 = 1204. List the prime factors of p.
113
Let r be 1 + 1 + 180 + -10 + 11. Suppose 6*w - 111 - r = 0. List the prime factors of w.
7
Let v(k) = 2*k**2 + 4*k + 2. Suppose 0 = 5*y + 3*p + 25, y - 6*y - 2*p - 20 = 0. Let b be v(y). List the prime factors of 0 - (-1)/(b/40).
2, 5
Let j be (-12)/18 + (-1)/((-3)/(-280)). Let c = j + 208. List the prime factors of c.
2, 3, 19
Let j be (0 + 3)/(1 + 72/(-76)). Suppose 4*v = m - 55, -m = -v - 2*v - j. What are the prime factors of m?
3, 7
Let i(z) be the second derivative of z**4/12 + 17*z**2/2 - 4*z. What are the prime factors of i(5)?
2, 3, 7
Let i = -22 - -22. Suppose 5*j - 108 - 2 = i. What are the prime factors of j?
2, 11
Let i(g) = 5*g - 2. Let z(c) = c + 1. Let h(u) = i(u) - z(u). Let q be h(1). What are the prime factors of 31*(2/q)/2?
31
Let p be -80*((-44)/16 + 5). Let n = p + 353. List the prime factors of n.
173
Suppose 5*t + 2*c - 5734 = -0*t, -2*t + 3*c + 2286 = 0. Suppose -12*y + 858 = -t. List the prime factors of y.
167
List the prime factors of 21656/76 - 9/(-171).
3, 5, 19
What are the prime factors of ((-1559)/4)/(38/(-304))?
2, 1559
Suppose -4 = q - 18. What are the prime factors of q?
2, 7
What are the prime factors of ((4 - 328) + -4)/((-2)/3)?
2, 3, 41
Let w = 710 + -708. Suppose 0 = 5*s - 3*k + 4*k - 31, 5*s = k + 29. Let i = s + w. What are the prime factors of i?
2
Suppose -6*u + 15 = -3*u. Let p = u - 7. List the prime factors of (14 + -2)/(-1 - p).
2, 3
Suppose 0 = -5*v - 4*p + 2*p + 2350, 3*p = 15. What are the prime factors of v?
2, 3, 13
Let o = 1 - -2. Suppose -o*i = -8*i + 40. Suppose -3*x + 12 = 0, -i = y - 4*x - 1. List the prime factors of y.
3
Let m be 18/(-24) - (-70)/8. Suppose -m*r + 241 = -271. List the prime factors of r.
2